 + 5*q, w + 0*w - 1 = 2*q. What are the prime factors of r(w)?
3, 11
Suppose -54 + 10 = 2*a. Suppose 0*j = j - 2*d + 6, -16 = -4*d. List the prime factors of (-6)/3 - (j + a).
2, 3
Let i(j) = 18*j - 5. Let k(f) = -9*f + 2. Let s(r) = 2*i(r) + 5*k(r). Let h be s(-15). Suppose 7*w - 2*w - h = 0. What are the prime factors of w?
3
Let s = -568 + 707. List the prime factors of s.
139
Suppose -37*a - 4745 = -20100. List the prime factors of a.
5, 83
Let y = 0 - -24. Suppose -p + 5*p = y. List the prime factors of p.
2, 3
What are the prime factors of 1 + -865*(-7)/35?
2, 3, 29
Let k = 9 + -5. Suppose k*q + 0*f - 419 = -5*f, q - 5*f - 111 = 0. Let w = -64 + q. What are the prime factors of w?
2, 3, 7
Let h(j) = j**3 - 21*j**2 + j - 23. Let f be h(21). List the prime factors of 124/10 - (16/(-10) - f).
2, 3
Let n = -23 - -20. Let q(c) = c**3 - c**2 + c. Let k(y) = 2*y**3 - 7*y**2 - 2*y - 4. Let a(v) = k(v) - 3*q(v). What are the prime factors of a(n)?
2
Let h(j) = -j**3 + j - 1. Let n(k) = 11*k**3 + 2*k**2 - 8*k - 1. Let w(x) = 5*h(x) + n(x). What are the prime factors of w(3)?
3, 5, 11
List the prime factors of (-5)/((-435)/6) + 2103084/783.
2, 17, 79
Let p(t) = -t**3 - 9*t**2 + 5*t + 7. Let a be p(-5). Let g = a + 245. List the prime factors of g.
127
Let d(w) = -w**3 + 3*w**2 - 5*w + 6. Let t be d(4). Let l = t - -49. Suppose -3*x + l = -26. What are the prime factors of x?
3, 5
Let q(r) = 11*r**2 - r. Let b be q(-1). Let m = b + -58. Let u = 75 + m. List the prime factors of u.
29
Let k be -15 - 8/(40/25). Let i be (-1)/(2/(-6) + 0). List the prime factors of 4/i*(-2 - k).
2, 3
Suppose 5*a = 3*a. Suppose a = 2*p + 5*p - 735. What are the prime factors of p?
3, 5, 7
Let g(x) = x**3 + 11*x**2 + 9*x - 1. Let t be g(-10). Suppose 0 = a - t - 0. List the prime factors of a.
3
Let b be (1 - 21/6)*-4. Let g be (-286)/(-10) - (-4)/b. Let m = g + -12. List the prime factors of m.
17
Suppose 0 = -4*y + 4*n + 172, -33 = -4*y + 3*n + 144. List the prime factors of y.
2, 3
Suppose 0 = -z + 21 + 2. Let a(x) = 2*x + 2. Let k be a(-4). Let g = k + z. List the prime factors of g.
17
Suppose -2*p - 3 = -p. Let t(z) = -8*z + 7. What are the prime factors of t(p)?
31
Let a = 50 + -34. Suppose 0 = -4*s - a + 4. Let j(w) = w**2 + 2*w + 3. What are the prime factors of j(s)?
2, 3
Suppose -2*c + 3*j = 3*c - 115, 0 = -3*c - 5*j + 35. Suppose 3*w - 7*l = -3*l + 86, 0 = -5*l + c. List the prime factors of w.
2, 17
Let n be (84/(-9) - -6)*6/(-5). Suppose 2*k + 0 = -2, -n*k = 3*d - 113. What are the prime factors of d?
3, 13
Let i = 115 + -109. Suppose -i*b + 342 = -5*b. What are the prime factors of b?
2, 3, 19
Suppose -5*n + 7 = -4*o, -4*n + o + 16 = 3*o. Let i = -7 + 11. Suppose 0 = -i*z - n*c + 185, -3*z = -2*c - 88 - 55. What are the prime factors of z?
47
Let d(j) = j**3 - 5*j**2 + 6*j - 4. Let t be d(4). List the prime factors of ((-474)/8)/((-3)/t).
79
Suppose -5*u + 8 = -2. Suppose 2*y = u*i + 30, -18 - 2 = 5*i. List the prime factors of y.
11
Let n(i) = -11*i**3 - i**2. Let b be n(-1). Suppose b*y = 4*y. Suppose -5*o + 58 + 237 = y. What are the prime factors of o?
59
List the prime factors of (-4)/(-14) + -132*(-80)/35.
2, 151
Let s = -2 + 1. Let z be (-945)/(-18) + s/2. Let f = z + -27. What are the prime factors of f?
5
Suppose 4*q + 5*i = 166 + 560, -4*q = 2*i - 720. What are the prime factors of q?
179
Let j(l) = l - 11. Let k be j(17). What are the prime factors of ((-9)/k)/(4/(-32))?
2, 3
Suppose 4*l = -5*d + 2186 + 566, 4*l = 4*d + 2752. What are the prime factors of l?
2, 43
Suppose -2*g + 2 = 3*z - 2*z, 4*z = -8. Suppose 0 = g*q + 4*q - 204. What are the prime factors of q?
2, 17
Let f be 36/20 - (-1)/5. Let u(d) = -d. Let l be u(f). List the prime factors of (l/4)/((-6)/144).
2, 3
Let d be (-14)/3*9/(-6). Let t(f) = f**2 - 12*f + 14. Let g(r) = -1. Let k(l) = -2*g(l) - t(l). List the prime factors of k(d).
23
Let o = -68 - -62. List the prime factors of 6*((-611)/o)/13.
47
Suppose 4*f - 45 = -1. Suppose 13*x = f*x + 10. Suppose -5*o + 105 = 5*v, -4*v - x*o + 74 + 13 = 0. What are the prime factors of v?
2, 3
Let o(a) be the first derivative of a**4/12 + a**3/6 - 7*a**2 + 3*a + 6. Let l(q) be the first derivative of o(q). What are the prime factors of l(6)?
2, 7
Let o(u) be the first derivative of 3*u**4/4 - 2*u**3/3 + u**2 + u + 5. Let s be o(3). Suppose 7*i = 2*i + s. List the prime factors of i.
2, 7
Suppose -195*c = -98*c - 566771. List the prime factors of c.
5843
Let x = -11 + 17. Suppose x - 14 = -2*h. Suppose h*d - 25 = 75. List the prime factors of d.
5
Let z(x) = -2*x**2 + 150*x - 100. What are the prime factors of z(62)?
2, 3, 7
Suppose 11*b - 33488 = -1544. List the prime factors of b.
2, 3, 11
Suppose 0 = -0*v + 6*v - 3726. List the prime factors of v.
3, 23
Suppose -4*t + n + 11 = -0*t, -5*t - 4*n = -19. Suppose -5*v = t*q + 133, -2*v - 2*v = -4. Let w = 83 + q. List the prime factors of w.
37
Suppose 65*d = 3*d + 114700. List the prime factors of d.
2, 5, 37
Suppose h - 2*w - 221 = 2*w, -4*w = -3*h + 623. Suppose 0 = -5*j, 0*j = -3*i - 5*j + h. What are the prime factors of i?
67
Suppose -17*r = -5483 - 13659. What are the prime factors of r?
2, 563
Let c = -133 + 243. Suppose 4*q = -3*w - q + 203, -c = -2*w + 3*q. List the prime factors of w.
61
Suppose 2*d - 2*q - 422 = 0, -2*d + 117*q = 112*q - 437. What are the prime factors of d?
2, 103
Let r(y) = -3*y + 12. Let q be r(-9). Let k = q - 59. List the prime factors of 21 - 5/(k/16).
5
Suppose t + 84 = -2*d, -4*t + d + 241 = 604. Let a = -82 - t. What are the prime factors of a?
2
Let u be (-2)/(-1) - (-73 - -10). Suppose 0 = -2*i + 47 + u. List the prime factors of i.
2, 7
Let f = 1591 - 971. List the prime factors of f/26 + (-8)/(-52).
2, 3
Let r = -153 - -474. List the prime factors of r.
3, 107
Suppose 4*d + 6 = -2*v, -4*v = -3*v + 4*d + 11. Suppose -v*b - 227 = -1147. List the prime factors of b.
2, 23
List the prime factors of 9/27 - 12976/(-6).
3, 7, 103
Let n(b) = -8*b + 2. Let d be n(1). Let u(w) = 4*w**2 + 5*w - 13. List the prime factors of u(d).
101
Let n(g) = -92*g + 3. Let f be n(-4). Suppose 2*q = -4*c - q + 306, -2*q = -5*c + f. Suppose z = -2*z + c. What are the prime factors of z?
5
Let v(q) = 326*q + 10. List the prime factors of v(5).
2, 5, 41
Let i(w) = w**3 - 3*w**2 - 4*w + 3. Let x be i(4). Suppose -h = x*h - 464. What are the prime factors of h?
2, 29
Suppose -4*p = p - 10. Suppose 23 + p = a. List the prime factors of a.
5
Suppose 0 = 17*h + 650 - 8045. List the prime factors of h.
3, 5, 29
Let u(t) = t**2 - 9 + 10*t - 7*t**2 + 2*t**3 - t**3 - t. List the prime factors of u(5).
11
Suppose -2*f - 12 = -0*r - 3*r, 3*r = -5*f + 12. Let h(z) = z**3 + z**2 + 39. List the prime factors of h(f).
3, 13
Let a = 242 - 120. Let y = -73 + a. What are the prime factors of y?
7
Suppose 96*h + 10797 = 3*m + 99*h, -4*m + 14396 = 5*h. What are the prime factors of m?
59, 61
List the prime factors of 23*61 + -4 + 15 + -6.
2, 11
Suppose -3*n = 3*p - 12, 0*n = 3*n + 4*p - 11. Suppose -i = 3*o + i + 33, -77 = n*o - 4*i. Let w = o + 22. What are the prime factors of w?
3
Suppose 744 = 5*a - 2*a. Suppose -56 = -4*l + a. What are the prime factors of l?
2, 19
Suppose -39 = 2*o - 69. What are the prime factors of (-20)/(-8)*(10*o)/3?
5
Suppose 2*h - 33 = -1. Suppose 5*y - h = f, f - 16 = -f - 2*y. Suppose 0 = 5*c + t - 14, -t - t = -f*c. List the prime factors of c.
2
Let i(g) = -g**3 + 10*g**2 + 3*g - 4. Suppose 10 = -2*s + 7*s. Suppose -3*x - 2*f + 34 = 0, -s*f + 3 + 1 = 0. What are the prime factors of i(x)?
2, 13
Let w = 1407 + -928. What are the prime factors of w?
479
Suppose 7*t + 3 = 8*t. Suppose -7*b + 1332 = -t*b. Suppose -5*l + 4*a + b - 126 = 0, 0 = a + 3. List the prime factors of l.
3, 13
Let g(t) be the third derivative of t**6/60 - 7*t**5/60 + 7*t**4/24 - 7*t**3/3 - 22*t**2. What are the prime factors of g(5)?
2, 3
Suppose t - 6*t - 30 = -3*j, 0 = -3*j + t + 18. Suppose -9 = 4*f - j. Let m(o) = -21*o**3 - 3*o**2 - 2*o. What are the prime factors of m(f)?
2, 5
Suppose -4*z - z = d - 93, -2*z + 442 = 5*d. Suppose 2*q - d = -2. List the prime factors of q.
43
Let n(o) = 3*o - 27. Let v be n(11). Let p(u) = -2*u**3 + 11*u**2 + 8*u + 4. List the prime factors of p(v).
2
Sup